is divided by 13997?
233
What is the remainder when 166928 is divided by 166548?
380
Calculate the remainder when 995462 is divided by 31.
21
Calculate the remainder when 6801956 is divided by 67.
49
What is the remainder when 541485 is divided by 4257?
846
What is the remainder when 1501366 is divided by 6207?
5479
What is the remainder when 260172 is divided by 7214?
468
What is the remainder when 5873128 is divided by 489427?
4
What is the remainder when 117894 is divided by 380?
94
What is the remainder when 54303 is divided by 1360?
1263
What is the remainder when 1201091 is divided by 4156?
7
What is the remainder when 39174890 is divided by 932735?
20
Calculate the remainder when 1503360 is divided by 7334.
7224
Calculate the remainder when 289093 is divided by 337.
284
Calculate the remainder when 571235 is divided by 606.
383
What is the remainder when 6169890 is divided by 293804?
6
What is the remainder when 73180 is divided by 72010?
1170
Calculate the remainder when 5357186 is divided by 15.
11
Calculate the remainder when 2779731 is divided by 6289.
6282
Calculate the remainder when 259782 is divided by 16132.
1670
What is the remainder when 217915744 is divided by 1235?
1229
Calculate the remainder when 50871 is divided by 6383.
6190
Calculate the remainder when 1015821 is divided by 1265.
26
What is the remainder when 3612075 is divided by 35?
5
Calculate the remainder when 8137238 is divided by 48.
38
Calculate the remainder when 78270 is divided by 15374.
1400
Calculate the remainder when 305265 is divided by 1641.
39
What is the remainder when 536813 is divided by 146?
117
What is the remainder when 3965394 is divided by 41?
38
What is the remainder when 815878 is divided by 190?
18
Calculate the remainder when 5304 is divided by 76.
60
Calculate the remainder when 35832 is divided by 5057.
433
What is the remainder when 4117998 is divided by 580?
578
What is the remainder when 13435014 is divided by 502?
490
What is the remainder when 2751749 is divided by 343959?
77
What is the remainder when 21271 is divided by 848?
71
What is the remainder when 2761594 is divided by 456?
58
Calculate the remainder when 574173 is divided by 7000.
173
Calculate the remainder when 2587112 is divided by 95818.
26
What is the remainder when 323625 is divided by 31?
16
Calculate the remainder when 30537777 is divided by 546.
543
What is the remainder when 2131364 is divided by 2007?
1937
What is the remainder when 537200 is divided by 268206?
788
What is the remainder when 226232 is divided by 13967?
2760
Calculate the remainder when 151456 is divided by 516.
268
Calculate the remainder when 5877706 is divided by 411.
406
Calculate the remainder when 3921902 is divided by 19908.
26
Calculate the remainder when 368686115 is divided by 9.
8
Calculate the remainder when 1129476 is divided by 414.
84
Calculate the remainder when 2597449 is divided by 1090.
1069
Calculate the remainder when 6143399 is divided by 63.
17
Calculate the remainder when 31540107 is divided by 402.
393
Calculate the remainder when 17902703 is divided by 11.
5
Calculate the remainder when 1428580 is divided by 5714.
80
Calculate the remainder when 1077772 is divided by 98.
66
Calculate the remainder when 488515 is divided by 245.
230
Calculate the remainder when 79104866 is divided by 806.
802
What is the remainder when 30643 is divided by 7586?
299
What is the remainder when 186050 is divided by 759?
95
Calculate the remainder when 4577111 is divided by 2511.
2069
What is the remainder when 291809 is divided by 4996?
2041
Calculate the remainder when 502280 is divided by 10.
0
What is the remainder when 20558389 is divided by 343?
341
Calculate the remainder when 4314652 is divided by 9.
7
What is the remainder when 585745 is divided by 39007?
640
What is the remainder when 21112 is divided by 1838?
894
What is the remainder when 949345 is divided by 28764?
133
What is the remainder when 1699373 is divided by 112?
109
Calculate the remainder when 191050 is divided by 1356.
1210
Calculate the remainder when 6874608 is divided by 3437108.
392
What is the remainder when 341686 is divided by 1113?
1108
What is the remainder when 1460226 is divided by 158?
148
What is the remainder when 391383 is divided by 195210?
963
Calculate the remainder when 32572829 is divided by 88.
69
What is the remainder when 896195 is divided by 12?
11
Calculate the remainder when 98885 is divided by 103.
5
Calculate the remainder when 1070206 is divided by 117.
7
What is the remainder when 6437252 is divided by 121457?
31
Calculate the remainder when 244326 is divided by 15886.
6036
What is the remainder when 6495384 is divided by 1485?
1479
What is the remainder when 362184 is divided by 11683?
11
Calculate the remainder when 1732622 is divided by 27500.
122
What is the remainder when 466995 is divided by 155650?
45
Calculate the remainder when 19951 is divided by 285.
1
What is the remainder when 1537150 is divided by 3722?
3686
What is the remainder when 3235602 is divided by 2053?
74
What is the remainder when 570901 is divided by 4837?
135
Calculate the remainder when 42811770 is divided by 1157074.
32
Calculate the remainder when 124444494 is divided by 26.
18
What is the remainder when 11189991 is divided by 9929?
8
Calculate the remainder when 42627531 is divided by 840.
51
What is the remainder when 28311 is divided by 5615?
236
Calculate the remainder when 477411623 is divided by 3875.
3873
Calculate the remainder when 132367 is divided by 132228.
139
What is the remainder when 62439495 is divided by 2657?
2652
What is the remainder when 190988 is divided by 8659?
490
Calculate the remainder when 9214323 is divided by 1038.
1035
Calculate the remainder when 2112014623 is divided by 35.
33
Calculate the remainder when 17467769 is divided by 2187.
200
Calculate the remainder when 10905023 is divided by 272.
271
What is the remainder when 21326 is divided by 897?
695
Calculate the remainder when 22574 is divided by 3174.
356
What is the remainder when 152572 is divided by 152477?
95
What is the remainder when 2557640 is divided by 83?
78
Calculate the remainder when 352528678 is divided by 12.
10
What is the remainder when 1413145 is divided by 37188?
1
What is the remainder when 3474307 is divided by 434284?
35
Calculate the remainder when 13418549 is divided by 414.
395
Calculate the remainder when 12178589 is divided by 225.
14
What is the remainder when 10886713 is divided by 5443352?
9
What is the remainder when 3563605 is divided by 6920?
6725
Calculate the remainder when 5222970 is divided by 1408.
698
Calculate the remainder when 969338 is divided by 4846.
138
What is the remainder when 3924899 is divided by 131?
8
Calculate the remainder when 1106826 is divided by 400.
26
What is the remainder when 1426002 is divided by 209?
204
What is the remainder when 86426 is divided by 17252?
166
Calculate the remainder when 62670 is divided by 186.
174
Calculate the remainder when 1738636 is divided by 31609.
141
Calculate the remainder when 4661362 is divided by 145667.
18
Calculate the remainder when 984121 is divided by 893.
35
Calculate the remainder when 908 is divided by 160.
108
What is the remainder when 1793743 is divided by 2902?
307
Calculate the remainder when 298371 is divided by 309.
186
Calculate the remainder when 220012 is divided by 1757.
387
Calculate the remainder when 3727644 is divided by 207091.
6
Calculate the remainder when 105351613 is divided by 668.
665
What is the remainder when 1876512 is divided by 693?
561
What is the remainder when 7710583 is divided by 551?
440
Calculate the remainder when 84991956 is divided by 507.
504
What is the remainder when 242137 is divided by 105?
7
Calculate the remainder when 3228113 is divided by 645609.
68
Calculate the remainder when 135352 is divided by 234.
100
What is the remainder when 17324 is divided by 3338?
634
What is the remainder when 40586 is divided by 58?
44
What is the remainder when 40997872 is divided by 770?
762
Calculate the remainder when 343039 is divided by 14293.
7
What is the remainder when 597599 is divided by 605?
464
Calculate the remainder when 468122 is divided by 26006.
14
What is the remainde